-12)/v + -5) is divided by 14.
8
Let z(h) = h**2 + 2*h + 105. Let f(s) = s**2 - 10*s + 19. Let i be f(5). Let w(u) = 2*u + 34. What is the remainder when z(0) is divided by w(i)?
17
Let h = -6839 + 6858. What is the remainder when 1794 is divided by h?
8
Let u = -36 + 76. Let w = u + -11. Let t = -23 - -38. Calculate the remainder when w is divided by t.
14
Let q = 53 - 52. Let v(j) = -41*j**3 + 3*j**2 - 3*j + 1. Let x be v(q). Calculate the remainder when 10/(-5) - 1/(1/x) is divided by 13.
12
Let b(w) = -25*w + 769. What is the remainder when 143 is divided by b(29)?
11
Let z(j) = 4*j**2 + 2. Let p be z(-4). Suppose -5*s = -5*d + 250, -3*d + d = 5*s - 65. Let a = p - d. Calculate the remainder when a is divided by 12.
9
Suppose -3*r + 286 = -2*u + 131, 0 = 4*r - 3*u - 206. Calculate the remainder when r is divided by (-1 - -4) + (-13)/(-1).
5
Let h(j) = 63*j - 3197. What is the remainder when h(55) is divided by 90?
88
Let w(v) = 3*v**3 + v**2 + v + 1. Let o be w(-1). Let g be (o - 1 - -11) + 6/(-3). Suppose -g*p - 68 = -8*p. Calculate the remainder when 133 is divided by p.
31
Let m = 6889 + -6854. Calculate the remainder when 1452 is divided by m.
17
Let d(g) = -3*g - 11. Suppose -3*t - 45 = 2*t. Let m = -19 - t. What is the remainder when 132 is divided by d(m)?
18
Let s = 0 + 187. Let z = 297 - s. What is the remainder when z is divided by 31?
17
Let k be 0/1 + (-27)/(-3). Let y = 14 - k. Calculate the remainder when -6 + 504/15 + (-3)/5 is divided by y.
2
Let y(j) = -616*j**2 + 2*j - 2. Let m be y(1). Let f = m - -1140. What is the remainder when (-128)/96 - 3/((-18)/f) is divided by 29?
28
Suppose -225 + 102 = -g. Suppose -5*f + 125 = -4*m, 6*f - m = 5*f + 25. What is the remainder when g is divided by f?
23
Let a(t) = -10*t + t**2 + 6*t + 11*t - 76 + 5*t. What is the remainder when 96 is divided by a(5)?
6
Let n(h) = -1241*h + 2058. What is the remainder when n(-10) is divided by 41?
36
Let h = 92511 - 92487. What is the remainder when (6/4)/(3/716) is divided by h?
22
Let h = -1632 + 2004. Calculate the remainder when h is divided by 3.
0
Suppose 84*j = 78*j. Suppose j = y - 2*p, 3*y + 24 = -p + 59. Calculate the remainder when y is divided by 5.
0
Let g = -1010 - -1043. What is the remainder when 720 is divided by g?
27
Let t(k) = 2*k**3 + 10*k**2 - 13. Suppose 39*x + 11877 = 28725. Calculate the remainder when x is divided by t(-4).
14
Let n = -4274 - -4745. Calculate the remainder when n is divided by 149.
24
Let y(d) = -d**2 - d + 1. Let f(c) = 3*c**2 - 39*c - 18. Let r(s) = -f(s) - 5*y(s). Calculate the remainder when r(-22) is divided by 8.
5
Let n = 6410 + -6393. Suppose -405 - 407 = -4*i. Calculate the remainder when i is divided by n.
16
Suppose 4*g = 4 + 8. Suppose 0 = 2*a + a - k - 87, a + g*k = 19. Suppose -8*c + a = -4*c. Calculate the remainder when 8 is divided by c.
1
Let g be (-114)/(-54) - (-6)/(-54). Suppose g*j = -10, -o - 5*j + 19 = -228. Calculate the remainder when o is divided by 7.
6
Let c(j) = -18*j**2 - 1027*j + 76. What is the remainder when 795 is divided by c(-57)?
130
Calculate the remainder when 80 is divided by (0 - (-324)/30)/((45/(-100))/(-3)).
8
Suppose -15*n + 52 = -68. Suppose -73 = -j - a - 19, 2*a + 96 = 2*j. Calculate the remainder when j is divided by n.
3
Suppose 19*c = 22*c - 3*r - 16041, 0 = -r - 9. What is the remainder when c is divided by 41?
8
Suppose 31*y + 22*y = -3979 + 15692. Calculate the remainder when 251 is divided by y.
30
Suppose 754225 = 230*w - 882746 + 438671. What is the remainder when w is divided by 27?
26
Suppose 4*d + 3 = 3*z, -18 = 2*d + 4*z - 22. Calculate the remainder when 87 + 49 - d/2 is divided by 50.
36
Suppose -5*d + 2*d = -69. What is the remainder when (-661)/(-15) + (-271)/4065 is divided by d?
21
Suppose -2*p + 3*r - 77 = -3*p, 0 = -5*p - 4*r + 352. Suppose 558 = -57*x + 61*x - g, -x - 5*g = -171. What is the remainder when x is divided by p?
5
Let b = 12 + -5. Suppose 3*m + 4*x = -3, -7*m + x = -2*m - 18. Suppose -m*j - 15 = -0*j, -5*j - 85 = -5*c. What is the remainder when c is divided by b?
5
Let y = 9187 + -7652. What is the remainder when y is divided by 22?
17
Let d(i) = 3*i**2 - 47*i - 474. Let h = -131 + 189. What is the remainder when h is divided by d(23)?
26
Let o(m) = 6*m**2 + 3*m. Let h be o(-1). Let a(f) = -f**3 + 3*f**2 + 5*f - 5. Let l be a(h). What is the remainder when l/(-8)*-6*(-270)/(-75) is divided by 14?
13
What is the remainder when ((-72)/612 + (-6)/(-170)*-5822)*-5 is divided by 9?
2
Let g(w) = -16*w + 49. Suppose 18*t = 12*t + 12. Calculate the remainder when (-129)/(-4) - (-2)/(-8) is divided by g(t).
15
Let f(a) = -a + 11. Let g be f(-7). Let p be 1/6 - 39/g. What is the remainder when 34 is divided by 12/40*p*-20?
10
Suppose -441 = -8*h + 111. Suppose -2*j + 32 = 2*r, -27*j - h = -31*j - 5*r. Calculate the remainder when 41 is divided by j.
8
Let o(a) = -a**2 + 16*a + 60. Calculate the remainder when 421 is divided by o(15).
46
Let t = -324 + 348. What is the remainder when 56 is divided by t?
8
Suppose -6790*s = -6773*s - 884. Calculate the remainder when 832 is divided by s.
0
Suppose -10*c - 5*c = -2175. What is the remainder when c is divided by 138?
7
Let k be (-5747)/(-7) + 2 + 0. Suppose -k = -5*w - 163. Calculate the remainder when w is divided by 36.
24
Suppose -116*t = -154*t + 68286. Calculate the remainder when t is divided by 16.
5
Suppose 4*v - 6*p + 3*p = -2667, -v - 4*p = 662. What is the remainder when (v/(-45))/((-4)/(-30)) is divided by 34?
9
Calculate the remainder when (-20)/((-200)/5610) - -8 is divided by 44.
41
Let s(r) = 70*r + 377. Calculate the remainder when 1887 is divided by s(0).
2
Let x(b) = 5*b**3 - 63*b**2 - 374*b + 2. Calculate the remainder when -12*(2 - (-5)/(-2)) is divided by x(17).
0
Suppose -h + 4*i = -48, -4*h - 5*i = -0*i - 150. Let t = h - 37. Suppose -2*a + 3*u + 10 = -3, u + 11 = 4*a. What is the remainder when t is divided by a?
1
Calculate the remainder when 403 is divided by (-24323)/(-273) - (-2)/(-21) - 8.
79
Suppose -6*p - 53*p = -1534. Calculate the remainder when 410 is divided by p.
20
Let p = 11886 - 11839. Calculate the remainder when 508 is divided by p.
38
Suppose 0*w = 9*w - 45. Let c(i) = -10*i + 76. Calculate the remainder when c(w) is divided by 16.
10
Let w = 33 - 19. Let v(r) = 2*r**3 - r**2 - r + 1. Let b be v(2). Let l = b - 6. What is the remainder when w is divided by l?
4
Suppose -27*g + 691 = -767. Calculate the remainder when 767 is divided by g.
11
Let q(h) = -h**3 + 2*h**2 + h - 2. Let w be q(2). Suppose w = -9*f + 207 + 18. Calculate the remainder when f is divided by 4.
1
Let o = 1106 + -349. Suppose 925 - o = 6*t. Calculate the remainder when 138 is divided by t.
26
Suppose -181518 = -71*r + 146368 + 261485. What is the remainder when r is divided by 23?
21
Suppose -3*f + 4954 = 4888. What is the remainder when 103 is divided by f?
15
Suppose 2318 = 20*v + 1758. What is the remainder when 39 is divided by v?
11
Let a(o) = 5*o**2 - 63*o - 581. Calculate the remainder when a(-8) is divided by 126.
117
Let j = 451 + -447. Suppose -n + 35 = -j. What is the remainder when n is divided by ((-8)/10)/(1/(-25))?
19
Suppose 5*f = 2*g + 19, -7*g - 8 = -3*g - 4*f. Suppose -2*p + 2*b - 16 = p, p + g*b + 9 = 0. Calculate the remainder when (p*2)/(((-21)/28)/3) is divided by 17.
14
Calculate the remainder when 870 is divided by (-336)/(-56) - (-10)/1.
6
Suppose 13 = 2*v - 105. Let p(k) = -k**3 + 19*k**2 + 18*k - 26. Let z be p(19). Let j = z - 310. What is the remainder when v is divided by j?
5
Let w be 5/5 - 4/1. Let r(b) = -6*b - 5. Let j(u) = u**3 - 5*u**2 - 17*u + 57. What is the remainder when j(7) is divided by r(w)?
10
What is the remainder when 3793 is divided by (-32)/144 + (-789)/(-27) + (10 - 6)?
31
Let r be (6/(-1) + 3)*(1 - -1). What is the remainder when (-5304)/(-40) + -1*r/15 is divided by 27?
25
Let w = -43 + 74. Suppose 118*l + 5*q - 7 = 119*l, -30 = -3*q. Calculate the remainder when l is divided by w.
12
Let k = -276 - -570. Calculate the remainder when (-266)/(-10) - k/(-210) is divided by 8.
4
Let h(y) be the second derivative of 0 + 9*y - 2/3*y**3 + 7*y**2. What is the remainder when h(-6) is divided by 20?
18
What is the remainder whe